
c929
In base 2, what is 11001101000 - -10?
11001101010
In base 3, what is 1121122 - 12?
1121110
In base 14, what is 0 - 5c?
-5c
In base 12, what is 1720 - 3?
1719
In base 11, what is -286 - -14?
-272
In base 12, what is -196 - 73?
-249
In base 9, what is -86 + 111?
14
In base 14, what is -91 - -80?
-11
In base 7, what is -51 + 55?
4
In base 7, what is 3 + -266?
-263
In base 4, what is -233 - -3?
-230
In base 16, what is -3 + 9e3?
9e0
In base 11, what is 7 - -214a?
2156
In base 13, what is -9a + 5?
-95
In base 8, what is -1 - 1777?
-2000
In base 14, what is -8 - 3a9?
-3b3
In base 13, what is -8b + 8?
-83
In base 16, what is 5d + 14?
71
In base 10, what is 144 - 5?
139
In base 13, what is -3457 + 5?
-3452
In base 8, what is 3773 - 3?
3770
In base 9, what is 12233 + -5?
12227
In base 2, what is -11011110000 - 100?
-11011110100
In base 13, what is 414b - 3?
4148
In base 11, what is 1 + -505?
-504
In base 4, what is 2 - -11?
13
In base 8, what is -3 - 2443?
-2446
In base 6, what is -1 - -33021?
33020
In base 14, what is 1 + 9c?
9d
In base 2, what is -1 + 1101?
1100
In base 15, what is -1d + -179?
-197
In base 11, what is -1057 - -3?
-1054
In base 12, what is 83b + 3?
842
In base 2, what is -1000101 - -1110?
-110111
In base 11, what is 1 + -101?
-100
In base 2, what is -11000101010011 + 100?
-11000101001111
In base 11, what is -67 + 0?
-67
In base 13, what is 1 - 170c?
-170b
In base 9, what is 0 - -1857?
1857
In base 11, what is -3 - -59?
56
In base 5, what is -2 - -43414?
43412
In base 15, what is 15 + -6?
e
In base 2, what is 10000 + 10001011?
10011011
In base 2, what is 110000 + -110?
101010
In base 14, what is 2 - 29?
-27
In base 11, what is -1043 - -2?
-1041
In base 13, what is -614 - 4?
-618
In base 2, what is 0 - 1111001?
-1111001
In base 14, what is 49a + 1?
49b
In base 6, what is -4 + -434?
-442
In base 5, what is -1223 - -10?
-1213
In base 16, what is -82 + -1?
-83
In base 10, what is 4 + -6?
-2
In base 10, what is -4 + -2320?
-2324
In base 15, what is -3 + 61?
5d
In base 12, what is -103 - -2?
-101
In base 10, what is -137 + -4?
-141
In base 13, what is -19 - 2c?
-48
In base 13, what is 7 - 3b?
-34
In base 11, what is 1 + 10?
11
In base 14, what is -21 + d8?
b7
In base 5, what is 2 + 1112?
1114
In base 14, what is -3b46 - 0?
-3b46
In base 8, what is 1 - 427?
-426
In base 6, what is -14 + -14?
-32
In base 7, what is 0 - 301?
-301
In base 16, what is 3267 - -4?
326b
In base 9, what is 12 - -114?
126
In base 15, what is -1c5b + 1?
-1c5a
In base 4, what is 22 + -2?
20
In base 4, what is 131 - 10?
121
In base 10, what is 16 - 1079?
-1063
In base 4, what is 20 + 103?
123
In base 9, what is -10 - -484?
474
In base 14, what is 3 - 1a?
-17
In base 6, what is 2410 + 3?
2413
In base 9, what is 6 - -756?
763
In base 13, what is -4 - 75?
-79
In base 3, what is -12210 - -12?
-12121
In base 4, what is 101 - -123?
230
In base 11, what is 1957 + 1?
1958
In base 7, what is -662 + 24?
-635
In base 6, what is 5 + -320?
-311
In base 4, what is -302 + -103?
-1011
In base 13, what is 4 - 975?
-971
In base 6, what is -14515 + 1?
-14514
In base 6, what is -10113 + -3?
-10120
In base 2, what is 110 + -10001?
-1011
In base 2, what is -10 + 11001?
10111
In base 16, what is -2 + a0d?
a0b
In base 3, what is -111 - -11022010?
11021122
In base 3, what is 1010 - 1?
1002
In base 15, what is -1d10 + -5?
-1d15
In base 7, what is -4504 - -1?
-4503
In base 5, what is -3 + 14344?
14341
In base 7, what is -664 - 2?
-666
In base 14, what is 3a6 + 4?
3aa
In base 12, what is 4939 - 4?
4935
In base 9, what is 150 + -88?
51
In base 7, what is 2 - -2130?
2132
In base 13, what is -3 - -1843?
1840
In base 13, what is 10 + 8b?
9b
In base 4, what is -100013 + -10?
-100023
In base 16, what is 3 - 645?
-642
In base 12, what is 0 + -1211?
-1211
In base 11, what is 26 - 5?
21
In base 15, what is ec + -9?
e3
In base 5, what is 34243 + -1?
34242
In base 5, what is -221 - -2?
-214
In base 6, what is 23 - 24?
-1
In base 6, what is -2 + -10513?
-10515
In base 3, what is 12 - -221022?
221111
In base 8, what is -5557 - 1?
-5560
In base 11, what is 131 - 1?
130
In base 2, what is 11000001 - -10001?
11010010
In base 5, what is -3 + -1323?
-1331
In base 9, what is 4 - -23?
27
In base 4, what is -11 - -203?
132
In base 13, what is -1 - 57?
-58
In base 5, what is 10234 + -3?
10231
In base 7, what is 2323 + -3?
2320
In base 12, what is 66 + -2?
64
In base 5, what is -3 - 420?
-423
In base 9, what is -451 + 3?
-447
In base 6, what is 0 - -21?
21
In base 8, what is -1545 - 13?
-1560
In base 8, what is -325 + -1?
-326
In base 12, what is 468 - 5?
463
In base 15, what is 2c49 - 1?
2c48
In base 11, what is -21 + -6?
-27
In base 14, what is 3 + -98?
-95
In base 8, what is 116 + 4?
122
In base 2, what is 100000000110 - 0?
100000000110
In base 8, what is 255 - 14?
241
In base 7, what is -2 - -1222?
1220
In base 10, what is 231 + -3?
228
In base 10, what is 856 + -7?
849
In base 11, what is 10 + 208?
218
In base 5, what is 4344 + 22?
4421
In base 8, what is 40 - -427?
467
In base 7, what is 233 - 0?
233
In base 12, what is 6 - -142?
148
In base 4, what is -20221310 + 10?
-20221300
In base 10, what is -5 - 141?
-146
In base 16, what is 43 - -5?
48
In base 4, what is 1323 + -2101?
-112
In base 9, what is -188 - -6?
-182
In base 15, what is 7 - 12?
-a
In base 5, what is -210 + -313?
-1023
In base 13, what is 1 - 115?
-114
In base 15, what is -b - -1bc?
1b1
In base 2, what is -11011110101 + 1?
-11011110100
In base 14, what is 52 - 1?
51
In base 2, what is 100 - 11001111100?
-11001111000
In base 15, what is -6 + -27?
-2d
In base 2, what is 10110 + -101?
10001
In base 12, what is 4 - b?
-7
In base 9, what is 3 + -117?
-114
In base 11, what is 1 - 8?
-7
In base 4, what is 2211 + 21?
2232
In base 7, what is -155 - -2?
-153
In base 15, what is -7 + 712?
70a
In base 14, what is -7 + -64?
-6b
In base 16, what is 4 + 89?
8d
In base 8, what is 346 + 0?
346
In base 10, what is 5351 - 2?
5349
In base 9, what is 26475 + -5?
26470
In base 8, what is 17 + -20?
-1
In base 5, what is -4 + 103331?
103322
In base 10, what is 0 - 143?
-143
In base 11, what is -48 - -3a?
-9
In base 5, what is 2 + 133340?
133342
In base 12, what is -5 + -1b78?
-1b81
In base 10, what is 140 + 5?
145
In base 7, what is -2 - -66?
64
In base 2, what is 100 + -1100011110?
-1100011010
In base 2, what is -10100 - -101100?
11000
In base 9, what is 125 + -5?
120
In base 8, what is 0 + -266?
-266
In base 9, what is -341 - 14?
-355
In base 13, what is 12 + 41?
53
In base 15, what is 3 + -22a?
-227
In base 11, what is -36 - 81?
-107
In base 9, what is 2178 - 3?
2175
In base 4, what is -111010 - 11?
-111021
In base 13, what is a + -b?
-1
In base 11, what is -1 - 3?
-4
In base 4, what is 2120 + 2201?
10321
In base 14, what is 25 - 0?
25
In base 15, what is -491 + 3?
-48d
In base 7, what is -33 + 2251?
2215
In base 13, what is 42 - 0?
42
In base 3, what is -10 - -11?
1
In base 14, what is -13 + 11a?
107
In base 10, what is 138 + -5?
133
In base 10, what is 5 + -247?
-242
In base 6, what is 5542 + 10?
5552
In base 14, what is 0 + -335?
-335
In base 10, what is -4 + 32?
28
In base 15, what is -4 + 3e?
3a
In base 15, what is -2 - -e?
c
In base 11, what is -3 + -11a3?
-11a6
In base 14, what is -3 - 466?
-469
In base 7, what is 661 - -4?
665
In base 12, what is 2a - 5?
25
In base 8, what is 2603 - 5?
2576
In base 9, what is 128 - 72?
46
In base 10, what is 9 + -259?
-250
In base 4, what is -11 - -10312?
10301
In base 2, what is 11010100000001 + -101?
11010011111100
In base 3, what is 10 - 1100?
-1020
In base 14, what is -bc - -5?
-b7
In base 3, what is -1 + 112101?
112100
In base 6, what is 1130 - -5?
1135
In base 5, what is 3043 + 20?
3113
In base 8, what is 2 + 42?
44
In base 12, what is -81 + 19?
-64
In base 15, what is 1 + 352?
353
In base 5, what is -12200 - 0?
-12200
In base 16, what is -3 - 24?
-27
In base 7, what is -1 - 4?
-5
In base 7, what is -441 + 116?
-322
In base 7, what is 265 + -2?
263
In base 3, what is 11 + -110220?
-110202
In base 15, what is 5 - -23?
28
In base 14, what is -5 + -20a?
-211
In base 3, what is 10 - -12110?
12120
In base 4, what is 20 - -2203?
2223
In base 3, what is -110012 - 10?
-110022
In base 3, what is 2 + 100021?
100100
In base 